{"id":1059,"date":"2022-03-03T17:15:05","date_gmt":"2022-03-03T15:15:05","guid":{"rendered":"https:\/\/roeck-restaurierung.de\/wordpress\/?page_id=1059"},"modified":"2025-01-16T18:07:04","modified_gmt":"2025-01-16T16:07:04","slug":"kunden-2","status":"publish","type":"page","link":"https:\/\/roeck-restaurierung.de\/wordpress\/de\/kunden-2\/","title":{"rendered":"Projekte"},"content":{"rendered":"[vc_row][vc_column][vc_masonry_media_grid gap=&#8220;20&#8243; item=&#8220;1090&#8243; initial_loading_animation=&#8220;none&#8220; grid_id=&#8220;vc_gid:1737043590522-b282ac8d-c1c9-6&#8243; include=&#8220;945,1371,1919,1355,1918,1928&#8243;][\/vc_column][\/vc_row][vc_row][vc_column][vc_column_text]\n<h2>Projekte<\/h2>\n<p>05\/2024 &#8211; 12\/2026<br \/>\n<strong>Stiftung Archiv der Sozialen K\u00fcnstlerf\u00f6rderung \u00a0Berlins<br \/>\n<\/strong>Konservatorische Erfassung von 16.000 Kunstwerken<\/p>\n<p>08\/2024 &#8211; 12\/2025<br \/>\n<strong>Privatsammlung Berlin<br \/>\n<\/strong>Restauratorische Betreuung verschiedener Kunstwerke von Wolf Vostell<\/p>\n<p>01\/2024 &#8211; 08\/2024<br \/>\n<strong>Kunstsammlung Allianz<br \/>\n<\/strong>Restauratorische Betreuung verschiedener Kunstwerke von Jes\u00fas Rafael Soto, \u00a0Francois Morellet, Mimmo Paladino<\/p>\n<p>02\/2024 &#8211; 10\/2024<br \/>\n<strong>Hamburger Bahnhof &#8211; Museum f\u00fcr Gegenwart, Berlin<br \/>\n<\/strong>Restaurierung Alexandra Pirici &#8222;Desk Benard&#8220;<br \/>\nRestauratorische Ausstellungsbetreuung Lee Ufan \/ Nadia Kaaba-Linke<br \/>\nKonservierung und Restaurierung von Kunstwerken (D. Judd, D. Graham, M. Broodthaers, S. Lewitt, K. Klinisch, B. Werres) aus der Sammlung<\/p>\n<p>10\/2023<br \/>\n<strong>Kunstmuseum Wolfsburg<br \/>\n<\/strong>Erstellen von Zustandsberichten einer Schenkung<\/p>\n<p>08\/2023<br \/>\n<strong>St\u00e4dtische Galerie im Lenbachhaus und Kunstbau M\u00fcnchen<br \/>\n<\/strong>Konservierung und Restaurierung einer Skulptur von Isa Melsheimer<\/p>\n<p>06\/2023 &#8211; 09\/2023<br \/>\n<strong>Axel Springer SE<br \/>\n<\/strong>Konservierung und Restaurierung von gro\u00dfformatigen Collagen von Frank Stella<\/p>\n<p>09\/2022 &#8211; 08\/2023<br \/>\n<strong>Schloss Charlottenburg SPSG, Berlin<br \/>\n<\/strong>Konservierung und Restaurierung des Gem\u00e4ldes &#8222;Der gro\u00dfe Kurf\u00fcrst neben seiner Frau Luise Henriette&#8220;, 1649 von Mathias Cwickzek (260 x 214cm)<\/p>\n<p>04\/2022 &#8211; 09\/2022<br \/>\n<strong>59. Biennale Arte, Venedig<br \/>\n<\/strong>Konservatorische Betreuung der Ausstellung von Ugo Rondinone &#8222;Burn Shine Fly&#8220; in der Scuola Grande di San Giovanni Evangelista<\/p>\n<p>06\/2022 &#8211; 09\/2022<br \/>\n<strong>Hamburger Bahnhof &#8211; Museum f\u00fcr Gegenwart, Berlin<br \/>\n<\/strong>Restauratorische Betreuung des Auszugs der Sammlung der Nationalgalerie aus den Rieckhallen<\/p>\n<p>05\/2021 \u2013 10\/2021<br \/>\n<strong>Neue Nationalgalerie, Berlin<\/strong><br \/>\nR\u00fcckzug (Zustandsprotokolle, Transpotbegleitung) der gesamten Gem\u00e4ldesammlung in das Depot der Neuen Nationalgalerie<\/p>\n<p>05\/2021 &#8211; 08\/2021<br \/>\n<strong>Neue Nationalgalerie, Berlin<br \/>\n<\/strong>Konservierung und Restaurierung \u00a0des Gem\u00e4ldes &#8222;Bogensch\u00fctzen&#8220;, 1928 von Sascha Wiederhold (204 x 240 cm)<br \/>\nF\u00f6rderung durch Ernst von Siemens Kunststiftung<\/p>\n<p>10\/2020 &#8211; 12\/2020<br \/>\n<strong>Bauhaus-Archiv Museum f\u00fcr Gestaltung, Berlin<br \/>\n<\/strong>Konservierung und Restaurierung von 12 Gem\u00e4lden (von u.A. O. Schlemmer, L. Moholy-Nagy)<\/p>\n<p>2018 &#8211; 2021<br \/>\n<strong>Museum Frieder Burda, Salon Berlin<\/strong><br \/>\nKonservatorische Betreuung von Austellungsauf- und abbauten, Erstellung von Zustandsbetreuung<\/p>\n<p>10\/2014\u00a0\u2013 12\/2015<br \/>\n<strong>Neue Nationalgalerie, Berlin<\/strong><br \/>\nAuszug (Anfertigung von Zustandsprotokollen, pr\u00e4ventiv konservatorische Massnahmen, Transpotbegleitung) der gesamten Gem\u00e4ldesammlung in ein Zwischendepot<\/p>\n<p>07\/2012 \u2013 07\/2014<br \/>\n<strong>Sprengel Museum, Hannover<\/strong><br \/>\nKonservatorische Betreuung der Niki de Saint Phalle Sammlung<\/p>\n<p>Seit 2013<br \/>\n<strong>Adeliges Kloster Preetz, Preetz<\/strong><br \/>\nJ\u00e4hrlich fortlaufende Restaurierung der barocken Bilderbibel von 1650 (139 Holztafelgem\u00e4lde) des Nonnengest\u00fchls der Klosterkirche Preetz<\/p>\n<p>09\/2012 \u2013 03\/2013<br \/>\n<strong>Kunsthalle Bielefeld<\/strong><br \/>\nKonservatorische Betreuung von Sonderausstellungen: Kiki Smith, Seton Smith, Tony Smith 2012; Sch\u00f6nheit und Geheimnis. Der deutsche Symbolismus 2013<\/p>\n<p>Seit 2012<br \/>\n<strong>Schloss Charlottenburg SPSG, Berlin<\/strong><br \/>\nGem\u00e4ldekonservierung 17.- 18. Jahrhundert<\/p>\n<p>2012 \/ 2016<br \/>\n<strong>Kunstwerke Berlin e.V., Berlin<\/strong><br \/>\nKonservatorische Betreuung der 7. und 9. Berlin Biennale, Kunstwerke Berlin e.V.<\/p>\n<p>08\/2005 \u2013 11\/2009<br \/>\n<strong>Hamburger Kunsthalle, Galerie der Gegenwart, Hamburg<\/strong><br \/>\nKonservatorische Betreuung von Sonderausstellungen, Konservierungs- und Restaurierungsarbeiten[\/vc_column_text][\/vc_column][\/vc_row]\n","protected":false},"excerpt":{"rendered":"<p>[vc_row][vc_column][vc_masonry_media_grid gap=&#8220;20&#8243; item=&#8220;1090&#8243; initial_loading_animation=&#8220;none&#8220; grid_id=&#8220;vc_gid:1737043590522-b282ac8d-c1c9-6&#8243; include=&#8220;945,1371,1919,1355,1918,1928&#8243;][\/vc_column][\/vc_row][vc_row][vc_column][vc_column_text] Projekte 05\/2024 &#8211; 12\/2026 Stiftung Archiv der Sozialen K\u00fcnstlerf\u00f6rderung \u00a0Berlins Konservatorische Erfassung von 16.000 Kunstwerken 08\/2024 &#8211; 12\/2025 Privatsammlung Berlin Restauratorische Betreuung verschiedener Kunstwerke von Wolf Vostell 01\/2024 &#8211; 08\/2024 Kunstsammlung Allianz Restauratorische Betreuung verschiedener Kunstwerke von Jes\u00fas Rafael Soto, \u00a0Francois Morellet, Mimmo Paladino 02\/2024 &#8211; 10\/2024 Hamburger Bahnhof&hellip;<\/p>\n","protected":false},"author":1,"featured_media":0,"parent":0,"menu_order":0,"comment_status":"closed","ping_status":"closed","template":"","meta":{"footnotes":""},"class_list":["post-1059","page","type-page","status-publish","hentry","entry","no-media"],"_links":{"self":[{"href":"https:\/\/roeck-restaurierung.de\/wordpress\/wp-json\/wp\/v2\/pages\/1059","targetHints":{"allow":["GET"]}}],"collection":[{"href":"https:\/\/roeck-restaurierung.de\/wordpress\/wp-json\/wp\/v2\/pages"}],"about":[{"href":"https:\/\/roeck-restaurierung.de\/wordpress\/wp-json\/wp\/v2\/types\/page"}],"author":[{"embeddable":true,"href":"https:\/\/roeck-restaurierung.de\/wordpress\/wp-json\/wp\/v2\/users\/1"}],"replies":[{"embeddable":true,"href":"https:\/\/roeck-restaurierung.de\/wordpress\/wp-json\/wp\/v2\/comments?post=1059"}],"version-history":[{"count":27,"href":"https:\/\/roeck-restaurierung.de\/wordpress\/wp-json\/wp\/v2\/pages\/1059\/revisions"}],"predecessor-version":[{"id":1946,"href":"https:\/\/roeck-restaurierung.de\/wordpress\/wp-json\/wp\/v2\/pages\/1059\/revisions\/1946"}],"wp:attachment":[{"href":"https:\/\/roeck-restaurierung.de\/wordpress\/wp-json\/wp\/v2\/media?parent=1059"}],"curies":[{"name":"wp","href":"https:\/\/api.w.org\/{rel}","templated":true}]}}